 21 = -a + 3*k. Let d(i) be the second derivative of -i**5/20 + 5*i**4/12 + 2*i**3/3 + 5*i**2/2 + 4*i - 8. Calculate d(a).
-7
Let g(p) = -3*p**3 - p**2 - p - 2. Suppose 2*z = -2*z + 16. Suppose -2*d - z*t + 16 = 0, 0 = d + 3*d + 5*t - 17. Give g(d).
20
Let l(c) = 40*c + 76 + 73 - 148. Determine l(-1).
-39
Suppose -5*n + 2*n = -54. Let m = n + -42. Let i be (-8)/(-2)*12/m. Let z(l) = l**3 + l**2 + l - 1. What is z(i)?
-7
Let p(t) = -t**2 + 145*t + 150*t - 302*t + 6. Give p(-5).
16
Let d(s) = -s**2 + 3*s + 2. Suppose 0 = -5*c + 4*h + 11 + 4, -2*h + 12 = 4*c. Let v be c + 2*(3 - (-11)/(-2)). Determine d(v).
-8
Suppose -b = 5, 7*h - 6*h - 4*b - 25 = 0. Let y(i) be the first derivative of -5*i - 2*i**2 + 1/3*i**3 - 2. What is y(h)?
0
Let f(i) = 3*i - 4. Let w = -1068 + 1072. Determine f(w).
8
Let j(c) = 9*c + 12. Let l(r) = -2*r - 1. Let v(b) = 10*b + 4. Let u(d) = -22*l(d) - 4*v(d). Let n(z) = -3*j(z) + 7*u(z). Give n(5).
11
Suppose 11 = 5*g + 1. Suppose -3*h = 3*r + 6 - 3, -2*h = -3*r + 17. Let s(n) = -5*n + r*n + 4*n + 4 + n**3 + 2*n + 4*n**g. Give s(-4).
-12
Let w(l) = 8*l - 3. Let u(h) = h - 1. Let f(q) = q**2 - 12*q + 12. Let c be f(11). Let d(m) = c*w(m) - 5*u(m). Determine d(-4).
-10
Let a(c) = 15*c**2 + c - 4*c**2 + 3 + 0*c - 4*c**2. Let j(z) = 8*z**2 + 3 + 0*z + 0*z + 2*z. Let g(r) = -7*a(r) + 6*j(r). What is g(5)?
-3
Let a be -11*(1 - 0) + -2. Let i = a - -7. Let p(v) = -v + 3 + 4 - 13. Determine p(i).
0
Let g(o) = 2*o. Let h be (1 + 2)*(-28)/(-12). Suppose 6*j = 5 + h. Determine g(j).
4
Suppose -2*p + 10 = 2. Suppose 2*v - p*j = -3*j - 4, 3*v + 8 = 2*j. Let g(a) = -a - 5. Give g(v).
-5
Let q(d) = -d**3 - 6*d**2 - 6*d - 7. Let w = 158 + -163. Calculate q(w).
-2
Suppose 20 = 2*i + 2*b, i - 2*i + 14 = -3*b. Suppose -3*o - 2 = -i. Let c(f) = -f**2 - 2*f - 1. What is c(o)?
-16
Suppose -14 = v + 4*p, 2*v + 22 = 5*v - 4*p. Let t(j) = j**2 + 3*j**2 - j + 0*j - v*j. Calculate t(2).
10
Let y = 19 - 28. Let q(i) be the second derivative of -i**5/20 - 3*i**4/4 - i**2/2 - 265*i. Determine q(y).
-1
Let y(g) = -5*g**2 - 3*g + 7. Let w be (-2 - 5/(-2))*0. Let x(a) = 1 + w + 3*a + 6*a**2 + 1 - 10. Let h(v) = -3*x(v) - 4*y(v). Calculate h(-3).
5
Let o be (22/(-44))/(1/(-12)). Let k(v) = o*v - 9*v + 4*v. Calculate k(-2).
-2
Let v(r) = r**2 + 7*r - 7. Suppose 5*u - 3*j = -56, 39 = -4*u - 5*j + 9. What is v(u)?
23
Suppose x = 5*s + 29, 0*s = -5*x + s + 25. Let f(q) = 4*q - 6. Let k(h) = 10*h - 14. Let d(y) = -7*f(y) + 3*k(y). Calculate d(x).
8
Let m(v) = -4*v + 30. Let x be 10 - 0/((-6)/(-2)). Let s be m(x). Let t(p) = -p**3 - 10*p**2 - p - 13. What is t(s)?
-3
Let t(v) = v**2 + 9*v + 1. Let h = -1366 + 1361. Calculate t(h).
-19
Let r(w) = -w**3 - 3*w**2 + 3*w + 3. Let b(l) = -3*l**2 + 92*l + 126. Let y be b(32). What is r(y)?
-7
Let c(v) = -v + 3. Let y(m) = -5*m + 18. Let p(x) = -4*x. Let f(u) = -u. Let l(d) = -9*f(d) + 2*p(d). Let r(n) = 6*l(n) + y(n). Let t be r(-14). Give c(t).
-1
Let b(c) be the third derivative of -1/6*c**3 - 1/6*c**4 + 0 + 33*c**2 + 0*c - 1/60*c**5. What is b(-3)?
2
Let m = 11 + -7. Let v(p) be the first derivative of -p**4/4 + 5*p**3/3 - 5*p**2/2 - 2*p - 21. Determine v(m).
-6
Let t(d) = -d**3 + 8*d**2 - 16*d + 5. Let m be t(5). Let f(o) = o + 30. Determine f(m).
30
Let n = -6 - -8. Let j(a) = n + 0 - 45*a + 46*a. Let r be 9/(-6) + (-11)/(-2). Calculate j(r).
6
Let j(v) = v**3 - v. Let r(c) = c**3 + 3*c**2 - 4*c - 1. Suppose -4*g = -0 - 4. Let b(l) = g*r(l) - 2*j(l). Determine b(2).
-1
Let m(r) = -r**3 + 6*r**2 + r + 3. Let g be (-87)/17 - 16/(-136) - -11. Give m(g).
9
Let l(r) = r**3 - 7*r**2 - r + 9. Let o(m) = -3*m + 115. Let t be o(36). Calculate l(t).
2
Suppose -3*o = 2*o - 30. Let k = 5 - 4. Let y(d) = -7*d + 11*d**3 + 7*d**2 + 8*d**3 - 20*d**3 + k. What is y(o)?
-5
Let t = 5 + -3. Let x be ((-2)/12*0)/(-1). Let a(h) = -1 + h**t + h + h + x. Calculate a(2).
7
Suppose 0 - 4 = -z, 2*o - z = -32. Let q = o - -49. Suppose 0 = -4*f - f + 5*v + q, 5*f - 14 = -2*v. Let b(s) = s**2 - 4*s + 4. What is b(f)?
4
Suppose -3*p = -20*u + 21*u + 20, -24 = 3*u + 3*p. Let n(r) = 2*r**3 - r**2 - 2. Let b(c) = -c**3 + 1. Let w(i) = -8*b(i) - 3*n(i). Give w(u).
-6
Let p(s) = 5*s - 1. Let x(f) = -f**2 - 1. Suppose 3*u + 8 = c, -2*u + 3*c = 4 + 13. Let m(n) = u*x(n) - p(n). What is m(6)?
8
Let z(y) = 26*y + 3. Let o(v) = -18*v - 2. Let k(j) = -8*o(j) - 5*z(j). Calculate k(-1).
-13
Let v be (-1)/((-14)/6 - -2). Suppose 2*p + 11 = -2*t + v*t, 5*p = 2*t - 25. Let j(n) = -n**3 - 2*n**2 + 4*n + 1. Calculate j(p).
-2
Let b(s) = 6*s**2 - 10*s + 6. Let r(q) = q**2 - q. Let z(v) = -b(v) + 5*r(v). Suppose 325 = 5*d + 90. Let j = d - 43. What is z(j)?
-2
Let y(m) = m + 1. Let z(u) = u**2 + u + 6. Let c(p) = 4*y(p) - z(p). Let h = -127 - -129. Determine c(h).
0
Let d(n) = -4*n + 5*n - 25*n**2 + 2 + 2*n + 26*n**2. Give d(-2).
0
Suppose 1 = -t + 3. Let c be t/(-8) - (-66)/(-24). Let p(w) = w**2 + 0 - w + 2*w - 2 - 2. What is p(c)?
2
Let i(b) be the third derivative of b**5/60 - 5*b**4/12 - 3*b**3/2 + 3*b**2 - 37. Determine i(10).
-9
Let w(s) = 2*s - 32. Let z(q) = 4*q - 80. Let y(d) = -12*w(d) + 5*z(d). What is y(-5)?
4
Suppose -5*n + 8 = -u - 17, 0 = 3*u. Let d(h) = 2 + 28*h + n - 30*h. What is d(7)?
-7
Let r(a) be the second derivative of -a**5/20 + 5*a**4/6 - 3*a**3/2 - 3*a**2/2 - a - 60. Determine r(9).
-3
Let p(z) = 4*z - 23. Let q be p(7). Let c(y) = -y**3 + 10*y**2 - 11*y - 3. Let o(l) = 2*l**3 - 19*l**2 + 21*l + 5. Let i(k) = 7*c(k) + 4*o(k). Determine i(q).
9
Let t(s) = 2*s - 28. Let p(n) = 2. Let v(c) = -10*p(c) - t(c). What is v(8)?
-8
Let r(p) = -2*p + 7. Let u be 175/15 + 12/(-18). What is r(u)?
-15
Let p(y) = -y**2 + y. Let f(d) = d**3 - 2*d**2 + d - 1. Let b(x) = f(x) + p(x). Let j be b(3). Let o = -10 + j. Let t(m) = m**2 + 6*m - 1. Give t(o).
-6
Let i(s) be the first derivative of s**4/4 - 7*s**3/3 + s - 270. Give i(7).
1
Let q(h) = h**2 + 8*h + 10. Let d be q(-7). Let u be (2/6)/(d/9). Let o(x) = 5*x - 4*x - u + x + 15*x**2. Give o(1).
16
Let q(z) be the first derivative of -1/2*z**2 - 10 + 10*z. Let k be (9 - 3) + (-1 - -2). Determine q(k).
3
Let o be (-72)/(-9)*(-1)/(-2). Suppose -2*b = -3*i + 19 - 6, -o = -4*b - 4*i. Let v be (b/4)/((-3)/(-6)). Let s(w) = -2*w**2 - 1. Determine s(v).
-3
Let g = -25 + 26. Let u(i) = g - 3*i - 2 - 5 + 2. Determine u(-3).
5
Suppose -4 = 8*t - 4*t - 4*o, -12 = -4*t - 4*o. Let h(s) = 12*s**2 - 15*s + 15*s + t. What is h(1)?
13
Suppose 0 = 5*d + 27 + 18. Let r = d + 8. Let h be 6/(r/((-6)/9)). Let w(x) = -x**2 + 4*x - 1. Give w(h).
-1
Let b(y) = 2*y - 27. Let n be b(11). Let p(i) = -i**2 - 3*i - 5. Determine p(n).
-15
Let b(p) = p**2 + 14*p + 2. Let d be b(-14). Let v(j) = 4*j**2 + 6*j - d*j**2 - j**2. Give v(-5).
-5
Suppose -2*y + 12 = 4*y. Let v(k) = -7*k**y + 0*k**3 + 5*k**2 + k**3. Give v(3).
9
Suppose 4*h - 4*t = 36, -2*t + 14 = h + h. Suppose h = -r + 5*r. Suppose -a - r*a = -3. Let u(k) = -2*k**2 + 2*k - 1. Determine u(a).
-1
Let g(k) be the second derivative of k**4/6 + 14*k**3/3 - k**2/2 - k + 91. Determine g(-14).
-1
Let y = 14 + -10. Let o(f) = 43 + 0*f - f - 41. Let w(c) = -c + 3. Let k(v) = -7*o(v) + 5*w(v). Determine k(y).
9
Let o = -21 + 23. Let z be 2 - (2 - o - 1). Let u(h) = -h**z + 7*h**2 - h + 1 - 15*h**2 + 4*h**2. Determine u(-2).
-5
Let v be (-3 - 0)*34/(-51). Suppose -3*f + 0*f = -3. Let h(u) = -3*u**2 + v*u**2 + 2 - f + 3*u. What is h(3)?
1
Let w be 2/2 + 1 + 0. Suppose -w*t - 6 = -5*t. Let g(h) = 0*h**2 - 3*h - t*h**2 - h**3 - 3*h**2 - 3. Give g(-3).
-12
Let x(o) = 3*o**2 - o. Let q = -31 - -21. Let g be ((-5)/q)/(5/10). Determine x(g).
2
Let l(i) = -i**3 - 11*i**2 + 12*i + 4. Let a be l(-12). Let d(k) = a - k**3 + 3*k**2 + 29*k - 33*k + 1 + 2*k**2. Suppose 0 = -2*w + 6*w - 16. Give d(w).
5
Let x(o) = 3*o**3 + 132*o**2 - 3*o**3 - o**3 - 137*o**2 + 5*o + 4. What is x(-6)?
10
Let v(d) = -d**2 - 5*d - 3. Let t be 0/(-3) - (-2 + 2). Let b(l) = -2*l. Let m be b(-2). Suppose t = -m*w + w - 15. Calculate v(w).
-3
Suppose -r = 8*b - 13*b + 16, 18 = -3*b - 4*r. Let o(d) = -2*d**3 + d**2 - d + 2 + 2*d + 0*d**3. Determine o(b).
-8
Let o be (4*6/36)/(5*8). Let l(u) be the third derivative of 0 - o*u**5 - 5/6*u**3 + 5/24*u**4 + 7*u**2 + 0*u. Determine l(4).
-1
Suppose 2*z + 0 = 4. Let h(i) = z + 5